{"id":5411,"date":"2020-10-27T23:21:19","date_gmt":"2020-10-28T02:21:19","guid":{"rendered":"https:\/\/pachapulai.com.ar\/encuentros\/?post_type=lp_course&#038;p=5411"},"modified":"2024-12-03T19:39:45","modified_gmt":"2024-12-03T22:39:45","slug":"el-arte-de-saber-escuchar-la-comunicacion-verbal","status":"publish","type":"lp_course","link":"https:\/\/pachapulai.com.ar\/encuentros\/formacion\/el-arte-de-saber-escuchar-la-comunicacion-verbal\/","title":{"rendered":"Conferencia : El Arte de Saber Escuchar.. La Comunicaci\u00f3n Verbal"},"content":{"rendered":"<p style=\"text-align: center;\"><strong>El Arte de Saber Escuchar .. La Comunicaci\u00f3n Verbal<\/strong><\/p>\n<p>Poder hablar entre nosotros nos hace seres humanos. \u00a1Ojal\u00e1, en efecto, seamos capaces de hacerlo! Porque cuando hablamos hay cosas que se pueden torcer y entonces es peor que si no habl\u00e1ramos. Cuando era joven, yo era muy elocuente en el plano objetivo, pero t\u00edmido y torpe en el plano humano. Yo mismo ignoraba muchas veces qu\u00e9 suced\u00eda exactamente en mi interior y carec\u00eda de un lenguaje para expresarlo. El descubrimiento de que la comunicaci\u00f3n humana se desarrolla de manera simult\u00e1nea en cuatro campos de juego y que participamos en este juego con \u00abcuatro voces\u00bb y \u00abcuatro o\u00eddos\u00bb a m\u00ed me abri\u00f3 los ojos, y poco a poco me ayud\u00f3 a tener la sensaci\u00f3n de estar \u00abjugando en casa\u00bb en los cuatro campos de juego.<\/p>\n<p>Mientras que la comprensi\u00f3n racional progresa a paso de gigante, los sentimientos y la conducta avanzan rezagados a paso de tortuga. Por eso, muchas de las<br \/>\nense\u00f1anzas de este libro solo se pueden aprehender con la experiencia y la pr\u00e1ctica. Aun as\u00ed, estoy convencido de que el entendimiento racional puede servir de gu\u00eda y apoyo para la formaci\u00f3n de la personalidad. Tambi\u00e9n he comprobado que la gente (como yo) que en el terreno conceptual siente que \u00abjuega en casa\u00bb en el terreno emocional se deja seducir por manuales y cartograf\u00edas del conocimiento. Esta Formaci\u00f3n debe entenderse como una de estas cartograf\u00edas.<\/p>\n<p><strong>El aspecto del contenido objetivo<\/strong>. \u00bfC\u00f3mo puedo informar de hechos de forma clara y comprensible? Para este aspecto de la comunicaci\u00f3n, ten\u00edamos a nuestra disposici\u00f3n el modelo hamburgu\u00e9s de comprensibilidad.<br \/>\n<strong>El aspecto de la relaci\u00f3n<\/strong>. \u00bfC\u00f3mo trato al pr\u00f3jimo con mi forma de comunicarme? En funci\u00f3n del modo en que me dirijo a una persona, estoy expresando la opini\u00f3n que tengo sobre ella, y, en correspondencia, esa persona se sentir\u00e1 aceptada y valorada, o rebajada, aleccionada y no tomada en serio.<br \/>\n<strong>El aspecto de la autoexposici\u00f3n<\/strong>. Cuando alguien expresa algo, est\u00e1 dando parte de s\u00ed mismo, con lo que, toda noticia2 contiene una peque\u00f1a muestra de la personalidad del que habla. Esta circunstancia genera en el emisor cierto nerviosismo, y no solo ante la perspectiva de un examen o una cita con el psic\u00f3logo. En el contexto de una influencia cada vez mayor de la psicolog\u00eda humanista en Alemania, tuvimos claro que una vida de fachada, aunque puede atenuar el miedo a la autoexposici\u00f3n, tiene elevados costes en la salud mental y el entendimiento entre las personas. En este aspecto es donde se aborda la cuesti\u00f3n de la autenticidad.<br \/>\n<strong>El aspecto de la incitaci\u00f3n.<\/strong> Cuando alguien expresa algo, por lo general tambi\u00e9n pretende provocar alguna cosa. Adem\u00e1s, la influencia y la manipulaci\u00f3n no solo pertenecen al \u00e1mbito de la publicidad, la propaganda, la educaci\u00f3n y la ense\u00f1anza. Son inherentes a infinidad de cualidades humanas e incluso a s\u00edntomas neur\u00f3ticos. Desde Alfred Adler se sabe que, en su vertiente patol\u00f3gica, estos s\u00edntomas llegan a provocar en el entorno del paciente un efecto tan duradero que puede convertirse a veces en la raz\u00f3n \u00faltima de la intenci\u00f3n oculta.<br \/>\nCon todos estos elementos, los \u00a0\u00abtres aspectos del lenguaje\u00bb, es decir, el s\u00edmbolo, el s\u00edntoma y la se\u00f1al, abordaremos esta Formaci\u00f3n.<\/p>\n<p>\u00bfEs posible mejorar la comunicaci\u00f3n interpersonal mediante la psicolog\u00eda? La intenci\u00f3n de la psicolog\u00eda de la comunicaci\u00f3n no es solo aclarar cient\u00edficamente los<br \/>\nprocesos que tienen lugar entre el emisor y el receptor, sino tambi\u00e9n facilitar herramientas y pautas para una mejora real de la comunicaci\u00f3n entre las personas. Pero, \u00bfqu\u00e9 define una buena y una mala comunicaci\u00f3n? Con coherencia se entiende que mi manera de comunicarme debe coincidir con mi estado de \u00e1nimo, objetivos y valores, pero tambi\u00e9n con el estado de \u00e1nimo del otro, y, adem\u00e1s, con \u00abla verdad de la situaci\u00f3n\u00bb En relaci\u00f3n a esto se ha demostrado que la metacomunicaci\u00f3n, es decir, la comunicaci\u00f3n sobre la comunicaci\u00f3n y sobre la convivencia, es un prometedor remedio contra las distorsiones en la comunicaci\u00f3n.<\/p>\n<p>Quien quiera contribuir a la mejora de la comunicaci\u00f3n interpersonal podr\u00e1 hacerlo desde tres enfoques diferentes:<br \/>\n<strong>1. Enfoque en el individuo.<\/strong> Esto implica empezar por uno mismo o bien asesorar y tratar a personas de manera individual. En este enfoque, por un lado, es posible desarrollar facetas que se han quedado atr\u00e1s de la personalidad y capacitar a cada cual para que sea due\u00f1o de s\u00ed mismo.<\/p>\n<p><strong>2. Enfoque en la forma de convivencia del grupo<\/strong>. La persona en este caso no es una oveja negra aislada, sino el grupo entero y el trato mutuo. Aqu\u00ed se pone de manifiesto el \u00abpensamiento sist\u00e9mico\u00bb, b\u00e1sico en terapias de pareja y de familia.<\/p>\n<p><strong>3.Enfoque en las condiciones institucionales y sociales<\/strong>. Aqu\u00ed no se trata de cambiar al individuo ni al colectivo, sino de modificar las condiciones de interacci\u00f3n de las personas y las formas que vienen impuestas o al menos sugeridas por estas condiciones. As\u00ed, un \u00e1mbito laboral jerarquizado que solo permite el ascenso de unos pocos, pero que depende al mismo tiempo del trabajo en equipo, da pie a una comunicaci\u00f3n ambigua: en apariencia cooperativa, pero en el fondo competitiva.<\/p>\n<p style=\"text-align: center;\"><strong><img decoding=\"async\" class=\"alignnone size-medium wp-image-4883 lazyload\" data-src=\"https:\/\/pachapulai.com.ar\/encuentros\/wp-content\/uploads\/Logo-Uniendo-Raices-300x285.jpg\" alt=\"\" width=\"300\" height=\"285\" src=\"data:image\/svg+xml;base64,PHN2ZyB3aWR0aD0iMSIgaGVpZ2h0PSIxIiB4bWxucz0iaHR0cDovL3d3dy53My5vcmcvMjAwMC9zdmciPjwvc3ZnPg==\" style=\"--smush-placeholder-width: 300px; --smush-placeholder-aspect-ratio: 300\/285;\" \/><\/strong><\/p>\n<p style=\"text-align: center;\"><img decoding=\"async\" class=\"alignnone size-medium wp-image-5486 lazyload\" data-src=\"https:\/\/pachapulai.com.ar\/encuentros\/wp-content\/uploads\/firma-wordpress-300x50.png\" alt=\"\" width=\"300\" height=\"50\" data-srcset=\"https:\/\/pachapulai.com.ar\/encuentros\/wp-content\/uploads\/firma-wordpress-300x50.png 300w, https:\/\/pachapulai.com.ar\/encuentros\/wp-content\/uploads\/firma-wordpress-1024x171.png 1024w, https:\/\/pachapulai.com.ar\/encuentros\/wp-content\/uploads\/firma-wordpress-768x128.png 768w, https:\/\/pachapulai.com.ar\/encuentros\/wp-content\/uploads\/firma-wordpress-1536x257.png 1536w\" data-sizes=\"(max-width: 300px) 100vw, 300px\" src=\"data:image\/svg+xml;base64,PHN2ZyB3aWR0aD0iMSIgaGVpZ2h0PSIxIiB4bWxucz0iaHR0cDovL3d3dy53My5vcmcvMjAwMC9zdmciPjwvc3ZnPg==\" style=\"--smush-placeholder-width: 300px; --smush-placeholder-aspect-ratio: 300\/50;\" \/><\/p>\n","protected":false},"excerpt":{"rendered":"<p>El Arte de Saber Escuchar .. La Comunicaci\u00f3n Verbal Poder hablar entre nosotros nos hace seres humanos. \u00a1Ojal\u00e1, en efecto, [&hellip;]<\/p>\n","protected":false},"author":20,"featured_media":18402,"comment_status":"open","ping_status":"closed","template":"","course_category":[37],"course_tag":[],"class_list":["post-5411","lp_course","type-lp_course","status-publish","has-post-thumbnail","hentry","course_category-uniendo-caminos","course"],"_links":{"self":[{"href":"https:\/\/pachapulai.com.ar\/encuentros\/wp-json\/wp\/v2\/lp_course\/5411","targetHints":{"allow":["GET"]}}],"collection":[{"href":"https:\/\/pachapulai.com.ar\/encuentros\/wp-json\/wp\/v2\/lp_course"}],"about":[{"href":"https:\/\/pachapulai.com.ar\/encuentros\/wp-json\/wp\/v2\/types\/lp_course"}],"author":[{"embeddable":true,"href":"https:\/\/pachapulai.com.ar\/encuentros\/wp-json\/wp\/v2\/users\/20"}],"replies":[{"embeddable":true,"href":"https:\/\/pachapulai.com.ar\/encuentros\/wp-json\/wp\/v2\/comments?post=5411"}],"version-history":[{"count":0,"href":"https:\/\/pachapulai.com.ar\/encuentros\/wp-json\/wp\/v2\/lp_course\/5411\/revisions"}],"wp:featuredmedia":[{"embeddable":true,"href":"https:\/\/pachapulai.com.ar\/encuentros\/wp-json\/wp\/v2\/media\/18402"}],"wp:attachment":[{"href":"https:\/\/pachapulai.com.ar\/encuentros\/wp-json\/wp\/v2\/media?parent=5411"}],"wp:term":[{"taxonomy":"course_category","embeddable":true,"href":"https:\/\/pachapulai.com.ar\/encuentros\/wp-json\/wp\/v2\/course_category?post=5411"},{"taxonomy":"course_tag","embeddable":true,"href":"https:\/\/pachapulai.com.ar\/encuentros\/wp-json\/wp\/v2\/course_tag?post=5411"}],"curies":[{"name":"wp","href":"https:\/\/api.w.org\/{rel}","templated":true}]}}

Conferencia : El Arte de Saber Escuchar.. La Comunicación Verbal

<p style="text-align: center;"><strong>El Arte de Saber Escuchar .. La Comunicación Verbal</strong></p>
<p>Poder hablar entre nosotros nos hace seres humanos. ¡Ojalá, en efecto, seamos capaces de hacerlo! Porque cuando hablamos hay cosas que se pueden torcer y entonces es peor que si no habláramos. Cuando era joven, yo era muy elocuente en el plano objetivo, pero tímido y torpe en el plano humano. Yo mismo ignoraba muchas veces qué sucedía exactamente en mi interior y carecía de un lenguaje para expresarlo. El descubrimiento de que la comunicación humana se desarrolla de manera simultánea en cuatro campos de juego y que participamos en este juego con «cuatro voces» y «cuatro oídos» a mí me abrió los ojos, y poco a poco me ayudó a tener la sensación de estar «jugando en casa» en los cuatro campos de juego.</p>
<p>Mientras que la comprensión racional progresa a paso de gigante, los sentimientos y la conducta avanzan rezagados a paso de tortuga. Por eso, muchas de las<br />
enseñanzas de este libro solo se pueden aprehender con la experiencia y la práctica. Aun así, estoy convencido de que el entendimiento racional puede servir de guía y apoyo para la formación de la personalidad. También he comprobado que la gente (como yo) que en el terreno conceptual siente que «juega en casa» en el terreno emocional se deja seducir por manuales y cartografías del conocimiento. Esta Formación debe entenderse como una de estas cartografías.</p>
<p><strong>El aspecto del contenido objetivo</strong>. ¿Cómo puedo informar de hechos de forma clara y comprensible? Para este aspecto de la comunicación, teníamos a nuestra disposición el modelo hamburgués de comprensibilidad.<br />
<strong>El aspecto de la relación</strong>. ¿Cómo trato al prójimo con mi forma de comunicarme? En función del modo en que me dirijo a una persona, estoy expresando la opinión que tengo sobre ella, y, en correspondencia, esa persona se sentirá aceptada y valorada, o rebajada, aleccionada y no tomada en serio.<br />
<strong>El aspecto de la autoexposición</strong>. Cuando alguien expresa algo, está dando parte de sí mismo, con lo que, toda noticia2 contiene una pequeña muestra de la personalidad del que habla. Esta circunstancia genera en el emisor cierto nerviosismo, y no solo ante la perspectiva de un examen o una cita con el psicólogo. En el contexto de una influencia cada vez mayor de la psicología humanista en Alemania, tuvimos claro que una vida de fachada, aunque puede atenuar el miedo a la autoexposición, tiene elevados costes en la salud mental y el entendimiento entre las personas. En este aspecto es donde se aborda la cuestión de la autenticidad.<br />
<strong>El aspecto de la incitación.</strong> Cuando alguien expresa algo, por lo general también pretende provocar alguna cosa. Además, la influencia y la manipulación no solo pertenecen al ámbito de la publicidad, la propaganda, la educación y la enseñanza. Son inherentes a infinidad de cualidades humanas e incluso a síntomas neuróticos. Desde Alfred Adler se sabe que, en su vertiente patológica, estos síntomas llegan a provocar en el entorno del paciente un efecto tan duradero que puede convertirse a veces en la razón última de la intención oculta.<br />
Con todos estos elementos, los  «tres aspectos del lenguaje», es decir, el símbolo, el síntoma y la señal, abordaremos esta Formación.</p>
<p>¿Es posible mejorar la comunicación interpersonal mediante la psicología? La intención de la psicología de la comunicación no es solo aclarar científicamente los<br />
procesos que tienen lugar entre el emisor y el receptor, sino también facilitar herramientas y pautas para una mejora real de la comunicación entre las personas. Pero, ¿qué define una buena y una mala comunicación? Con coherencia se entiende que mi manera de comunicarme debe coincidir con mi estado de ánimo, objetivos y valores, pero también con el estado de ánimo del otro, y, además, con «la verdad de la situación» En relación a esto se ha demostrado que la metacomunicación, es decir, la comunicación sobre la comunicación y sobre la convivencia, es un prometedor remedio contra las distorsiones en la comunicación.</p>
<p>Quien quiera contribuir a la mejora de la comunicación interpersonal podrá hacerlo desde tres enfoques diferentes:<br />
<strong>1. Enfoque en el individuo.</strong> Esto implica empezar por uno mismo o bien asesorar y tratar a personas de manera individual. En este enfoque, por un lado, es posible desarrollar facetas que se han quedado atrás de la personalidad y capacitar a cada cual para que sea dueño de sí mismo.</p>
<p><strong>2. Enfoque en la forma de convivencia del grupo</strong>. La persona en este caso no es una oveja negra aislada, sino el grupo entero y el trato mutuo. Aquí se pone de manifiesto el «pensamiento sistémico», básico en terapias de pareja y de familia.</p>
<p><strong>3.Enfoque en las condiciones institucionales y sociales</strong>. Aquí no se trata de cambiar al individuo ni al colectivo, sino de modificar las condiciones de interacción de las personas y las formas que vienen impuestas o al menos sugeridas por estas condiciones. Así, un ámbito laboral jerarquizado que solo permite el ascenso de unos pocos, pero que depende al mismo tiempo del trabajo en equipo, da pie a una comunicación ambigua: en apariencia cooperativa, pero en el fondo competitiva.</p>
<p style="text-align: center;"><strong><img decoding="async" class="alignnone size-medium wp-image-4883 lazyload" data-src="https://pachapulai.com.ar/encuentros/wp-content/uploads/Logo-Uniendo-Raices-300x285.jpg" alt="" width="300" height="285" src="data:image/svg+xml;base64,PHN2ZyB3aWR0aD0iMSIgaGVpZ2h0PSIxIiB4bWxucz0iaHR0cDovL3d3dy53My5vcmcvMjAwMC9zdmciPjwvc3ZnPg==" style="--smush-placeholder-width: 300px; --smush-placeholder-aspect-ratio: 300/285;" /></strong></p>
<p style="text-align: center;"><img decoding="async" class="alignnone size-medium wp-image-5486 lazyload" data-src="https://pachapulai.com.ar/encuentros/wp-content/uploads/firma-wordpress-300x50.png" alt="" width="300" height="50" data-srcset="https://pachapulai.com.ar/encuentros/wp-content/uploads/firma-wordpress-300x50.png 300w, https://pachapulai.com.ar/encuentros/wp-content/uploads/firma-wordpress-1024x171.png 1024w, https://pachapulai.com.ar/encuentros/wp-content/uploads/firma-wordpress-768x128.png 768w, https://pachapulai.com.ar/encuentros/wp-content/uploads/firma-wordpress-1536x257.png 1536w" data-sizes="(max-width: 300px) 100vw, 300px" src="data:image/svg+xml;base64,PHN2ZyB3aWR0aD0iMSIgaGVpZ2h0PSIxIiB4bWxucz0iaHR0cDovL3d3dy53My5vcmcvMjAwMC9zdmciPjwvc3ZnPg==" style="--smush-placeholder-width: 300px; --smush-placeholder-aspect-ratio: 300/50;" /></p>

<p>El Arte de Saber Escuchar .. La Comunicación Verbal Poder hablar entre nosotros nos hace seres humanos. ¡Ojalá, en efecto, [&hellip;]</p>
