{"id":5809,"date":"2020-12-28T21:15:19","date_gmt":"2020-12-29T00:15:19","guid":{"rendered":"https:\/\/pachapulai.com.ar\/encuentros\/?post_type=lp_course&#038;p=5809"},"modified":"2024-12-03T19:33:12","modified_gmt":"2024-12-03T22:33:12","slug":"coaching-para-quienes-viven-con-tdah","status":"publish","type":"lp_course","link":"https:\/\/pachapulai.com.ar\/encuentros\/formacion\/coaching-para-quienes-viven-con-tdah\/","title":{"rendered":"Coaching para quienes viven con TDAH"},"content":{"rendered":"<p style=\"text-align: center;\"><strong>TDAH : Trastorno por D\u00e9ficit de Atenci\u00f3n con Hiperactividad.<\/strong><\/p>\n<p>Es un cuadro cl\u00ednico con s\u00edntomas que se observan en el comportamiento. Es ocasionado por fallas en la transmisi\u00f3n y organizaci\u00f3n de los circuitos funcionales cerebrales que procesan informaci\u00f3n e intervienen el comportamiento. Posee un componente gen\u00e9tico,\u00a0 un origen neurobiol\u00f3gico, a la vez que transgeneracional tambi\u00e9n.<\/p>\n<p>Se presenta en una proporci\u00f3n que fluct\u00faa entre el 1 y el 10% de la poblaci\u00f3n infantil y juvenil. es tres veces m\u00e1s frecuente en varones. No se han demostrado diferencias en \u00e1reas geogr\u00e1ficas, grupos culturales o problemas socioecon\u00f3micos. Representa entre el 20 y 40 % de las consultas en los servicios de psiquiatr\u00eda infantil o juvenil.<\/p>\n<p>Se caracteriza por distracci\u00f3n, &#8211; de moderada a severa &#8211; per\u00edodos de atenci\u00f3n breve, inquietud motora, inestabilidad emocional y conductas impulsivas. Es un trastorno en el desarrollo del autocontrol. Los problemas se manifiestan en el deterioro de la capacidad para controlar su conducta a lo largo del tiempo y para mantener en su mente las metas y consecuencias futuras. No es un problema temporal que se puede curar con el tiempo; es decir, es cr\u00f3nico. Es importante no considerarlo como una falla o el fracaso de los padres por controlar o ense\u00f1ar al hijo a ser disciplinado. Tampoco es un signo de maldad en el ni\u00f1o -o el<br \/>\nadolescente- que lo padece.<br \/>\nEl trastorno trae consigo una gama de problemas, tanto para la persona que lo padece como para su entorno. Por ello su atenci\u00f3n requiere de la participaci\u00f3n<br \/>\nde un grupo de personas que aporten, desde su \u00e1rea de competencia, elementos que ayuden al individuo con TDAH a superar las dificultades que tienen en su diario vivir debido al trastorno.<\/p>\n<p>Una de las razones por las que me convert\u00ed en coach fue el deseo de ayudar a mi hijo con TDAH. Por medio de un m\u00e9todo que ayudara a tener un panorama de metas m\u00e1s amplio. Llevar a cabo un plan de acci\u00f3n dentro de la rutina, apoyar a los ni\u00f1os, a los adultos y a los c\u00f3nyuges de pacientes con TDAH.\u00a0 Mis metas se ampliaron y aprend\u00ed a llevarlas a la acci\u00f3n, a cambiar mis perspectivas. Adquir\u00ed una sensaci\u00f3n de logro y poder sobre mi persona y mi futuro. Estoy haciendo camino al andar.<br \/>\nAlcanzando las metas, he cambiado mis estados emocionales, estoy viendo las cosas en forma diferente, me siento contenta, entusiasmada.<br \/>\nSi esto lo he sentido personalmente, \u00bfc\u00f3mo no voy a transmitirlo a la gente?<br \/>\nPor esa raz\u00f3n se ha creado este espacio para hacer hacer Coaching a las personas con TDAH. Ser\u00e1 la primera versi\u00f3n porque seguiremos caminando: todos juntos. Vamos a ir ampliando horizontes, pues es el camino del Coaching: impulsarnos a la acci\u00f3n para ser la mejor versi\u00f3n de nosotros mismos y de aquello que hagamos.<\/p>\n<p><strong>Entregamos en Uniendo Ra\u00edces el Aval del absoluto Compromiso de Pacha Pulai Terapias Conscientes y Uniendo Ra\u00edces de que alcancen este T\u00edtulo tan a\u00f1orado por todos : La Paz para ustedes en su Ser y como Facilitadores para ser Camino y Herramienta \u00datil de otras personas que lleguen, buscando lo mismo. \u00a0Es para todo p\u00fablico en general que desee comunicar\u00a0 desde el amor, la creatividad que sale de nuestro Ser Superior y la responsabilidad hacia quienes dirijamos el conocimiento adquirido, sobre todo a nosotros mismos.<\/strong><\/p>\n<p><strong>El T\u00edtulo que se alcanza ninguna Instituci\u00f3n puede Avalarlo o Certificarlo, y es el de un&#8221; Ser Humano Completo, \u00cdntegro y lleno de Amor.&#8221;<\/strong><\/p>\n<p><strong>Nuestra Misi\u00f3n en Uniendo Ra\u00edces es acompa\u00f1ar a las personas para que se reconozcan en su Ser,<\/strong><\/p>\n<p><strong>La Visi\u00f3n: Aportar bienestar a la humanidad.<\/strong><\/p>\n<p><strong>Nuestros Valores: Servicio, Alegr\u00eda, Compromiso, Trabajo en Equipo, Amorosidad, Pasi\u00f3n, Posibilidad e Integridad.<\/strong><\/p>\n<p>&nbsp;<\/p>\n<p><strong>Adriana Lampa<\/strong><\/p>\n<p><strong>Directora de Pacha Pulai Terapias Conscientes<\/strong><\/p>\n<p><strong>DIPLOMATURA, definida como un Programa de Estudios destinado al perfeccionamiento, actualizaci\u00f3n, capacitaci\u00f3n, entrenamiento y\/o formaci\u00f3n ampliamente de sus asistentes, en una tem\u00e1tica espec\u00edfica relacionada con los campos de inter\u00e9s. Se entrega Diploma con el recuento de horas C\u00e1tedra realizadas.<\/strong><\/p>\n<p><strong><br \/>\n<img decoding=\"async\" class=\"wp-image-4883 aligncenter lazyload\" data-src=\"https:\/\/pachapulai.com.ar\/encuentros\/wp-content\/uploads\/Logo-Uniendo-Raices-300x285.jpg\" alt=\"\" width=\"219\" height=\"208\" src=\"data:image\/svg+xml;base64,PHN2ZyB3aWR0aD0iMSIgaGVpZ2h0PSIxIiB4bWxucz0iaHR0cDovL3d3dy53My5vcmcvMjAwMC9zdmciPjwvc3ZnPg==\" style=\"--smush-placeholder-width: 219px; --smush-placeholder-aspect-ratio: 219\/208;\" \/><\/strong><\/p>\n<p style=\"text-align: left;\">La Academia y su Directora Mar\u00eda Adriana Lampa se reservan los derechos de admisi\u00f3n ante la decisi\u00f3n o malos entendidos que las personas puedan tener con respecto a los tratamientos de salud convencionales, alop\u00e1ticos<strong>\u00a0<\/strong>y cl\u00ednicos. Uniendo Ra\u00edces y Pacha Pulai NO recomiendan bajo ninguna circunstancia abandonar los tratamientos indicados por los m\u00e9dicos profesionales a cargo de los Tratamientos Cl\u00ednicos que est\u00e9n en curso o por comenzar.<\/p>\n<p>&nbsp;<\/p>\n<p>&nbsp;<\/p>\n","protected":false},"excerpt":{"rendered":"<p>TDAH : Trastorno por D\u00e9ficit de Atenci\u00f3n con Hiperactividad. Es un cuadro cl\u00ednico con s\u00edntomas que se observan en el [&hellip;]<\/p>\n","protected":false},"author":20,"featured_media":18187,"comment_status":"open","ping_status":"closed","template":"","course_category":[37],"course_tag":[],"class_list":["post-5809","lp_course","type-lp_course","status-publish","has-post-thumbnail","hentry","course_category-uniendo-caminos","course"],"_links":{"self":[{"href":"https:\/\/pachapulai.com.ar\/encuentros\/wp-json\/wp\/v2\/lp_course\/5809","targetHints":{"allow":["GET"]}}],"collection":[{"href":"https:\/\/pachapulai.com.ar\/encuentros\/wp-json\/wp\/v2\/lp_course"}],"about":[{"href":"https:\/\/pachapulai.com.ar\/encuentros\/wp-json\/wp\/v2\/types\/lp_course"}],"author":[{"embeddable":true,"href":"https:\/\/pachapulai.com.ar\/encuentros\/wp-json\/wp\/v2\/users\/20"}],"replies":[{"embeddable":true,"href":"https:\/\/pachapulai.com.ar\/encuentros\/wp-json\/wp\/v2\/comments?post=5809"}],"version-history":[{"count":0,"href":"https:\/\/pachapulai.com.ar\/encuentros\/wp-json\/wp\/v2\/lp_course\/5809\/revisions"}],"wp:featuredmedia":[{"embeddable":true,"href":"https:\/\/pachapulai.com.ar\/encuentros\/wp-json\/wp\/v2\/media\/18187"}],"wp:attachment":[{"href":"https:\/\/pachapulai.com.ar\/encuentros\/wp-json\/wp\/v2\/media?parent=5809"}],"wp:term":[{"taxonomy":"course_category","embeddable":true,"href":"https:\/\/pachapulai.com.ar\/encuentros\/wp-json\/wp\/v2\/course_category?post=5809"},{"taxonomy":"course_tag","embeddable":true,"href":"https:\/\/pachapulai.com.ar\/encuentros\/wp-json\/wp\/v2\/course_tag?post=5809"}],"curies":[{"name":"wp","href":"https:\/\/api.w.org\/{rel}","templated":true}]}}

<p style="text-align: center;"><strong>TDAH : Trastorno por Déficit de Atención con Hiperactividad.</strong></p>
<p>Es un cuadro clínico con síntomas que se observan en el comportamiento. Es ocasionado por fallas en la transmisión y organización de los circuitos funcionales cerebrales que procesan información e intervienen el comportamiento. Posee un componente genético,  un origen neurobiológico, a la vez que transgeneracional también.</p>
<p>Se presenta en una proporción que fluctúa entre el 1 y el 10% de la población infantil y juvenil. es tres veces más frecuente en varones. No se han demostrado diferencias en áreas geográficas, grupos culturales o problemas socioeconómicos. Representa entre el 20 y 40 % de las consultas en los servicios de psiquiatría infantil o juvenil.</p>
<p>Se caracteriza por distracción, &#8211; de moderada a severa &#8211; períodos de atención breve, inquietud motora, inestabilidad emocional y conductas impulsivas. Es un trastorno en el desarrollo del autocontrol. Los problemas se manifiestan en el deterioro de la capacidad para controlar su conducta a lo largo del tiempo y para mantener en su mente las metas y consecuencias futuras. No es un problema temporal que se puede curar con el tiempo; es decir, es crónico. Es importante no considerarlo como una falla o el fracaso de los padres por controlar o enseñar al hijo a ser disciplinado. Tampoco es un signo de maldad en el niño -o el<br />
adolescente- que lo padece.<br />
El trastorno trae consigo una gama de problemas, tanto para la persona que lo padece como para su entorno. Por ello su atención requiere de la participación<br />
de un grupo de personas que aporten, desde su área de competencia, elementos que ayuden al individuo con TDAH a superar las dificultades que tienen en su diario vivir debido al trastorno.</p>
<p>Una de las razones por las que me convertí en coach fue el deseo de ayudar a mi hijo con TDAH. Por medio de un método que ayudara a tener un panorama de metas más amplio. Llevar a cabo un plan de acción dentro de la rutina, apoyar a los niños, a los adultos y a los cónyuges de pacientes con TDAH.  Mis metas se ampliaron y aprendí a llevarlas a la acción, a cambiar mis perspectivas. Adquirí una sensación de logro y poder sobre mi persona y mi futuro. Estoy haciendo camino al andar.<br />
Alcanzando las metas, he cambiado mis estados emocionales, estoy viendo las cosas en forma diferente, me siento contenta, entusiasmada.<br />
Si esto lo he sentido personalmente, ¿cómo no voy a transmitirlo a la gente?<br />
Por esa razón se ha creado este espacio para hacer hacer Coaching a las personas con TDAH. Será la primera versión porque seguiremos caminando: todos juntos. Vamos a ir ampliando horizontes, pues es el camino del Coaching: impulsarnos a la acción para ser la mejor versión de nosotros mismos y de aquello que hagamos.</p>
<p><strong>Entregamos en Uniendo Raíces el Aval del absoluto Compromiso de Pacha Pulai Terapias Conscientes y Uniendo Raíces de que alcancen este Título tan añorado por todos : La Paz para ustedes en su Ser y como Facilitadores para ser Camino y Herramienta Útil de otras personas que lleguen, buscando lo mismo.  Es para todo público en general que desee comunicar  desde el amor, la creatividad que sale de nuestro Ser Superior y la responsabilidad hacia quienes dirijamos el conocimiento adquirido, sobre todo a nosotros mismos.</strong></p>
<p><strong>El Título que se alcanza ninguna Institución puede Avalarlo o Certificarlo, y es el de un&#8221; Ser Humano Completo, Íntegro y lleno de Amor.&#8221;</strong></p>
<p><strong>Nuestra Misión en Uniendo Raíces es acompañar a las personas para que se reconozcan en su Ser,</strong></p>
<p><strong>La Visión: Aportar bienestar a la humanidad.</strong></p>
<p><strong>Nuestros Valores: Servicio, Alegría, Compromiso, Trabajo en Equipo, Amorosidad, Pasión, Posibilidad e Integridad.</strong></p>
<p>&nbsp;</p>
<p><strong>Adriana Lampa</strong></p>
<p><strong>Directora de Pacha Pulai Terapias Conscientes</strong></p>
<p><strong>DIPLOMATURA, definida como un Programa de Estudios destinado al perfeccionamiento, actualización, capacitación, entrenamiento y/o formación ampliamente de sus asistentes, en una temática específica relacionada con los campos de interés. Se entrega Diploma con el recuento de horas Cátedra realizadas.</strong></p>
<p><strong><br />
<img decoding="async" class="wp-image-4883 aligncenter lazyload" data-src="https://pachapulai.com.ar/encuentros/wp-content/uploads/Logo-Uniendo-Raices-300x285.jpg" alt="" width="219" height="208" src="data:image/svg+xml;base64,PHN2ZyB3aWR0aD0iMSIgaGVpZ2h0PSIxIiB4bWxucz0iaHR0cDovL3d3dy53My5vcmcvMjAwMC9zdmciPjwvc3ZnPg==" style="--smush-placeholder-width: 219px; --smush-placeholder-aspect-ratio: 219/208;" /></strong></p>
<p style="text-align: left;">La Academia y su Directora María Adriana Lampa se reservan los derechos de admisión ante la decisión o malos entendidos que las personas puedan tener con respecto a los tratamientos de salud convencionales, alopáticos<strong> </strong>y clínicos. Uniendo Raíces y Pacha Pulai NO recomiendan bajo ninguna circunstancia abandonar los tratamientos indicados por los médicos profesionales a cargo de los Tratamientos Clínicos que estén en curso o por comenzar.</p>
<p>&nbsp;</p>
<p>&nbsp;</p>

<p>TDAH : Trastorno por Déficit de Atención con Hiperactividad. Es un cuadro clínico con síntomas que se observan en el [&hellip;]</p>
